= -n**3 - 4*n**2 + 11*n - 2. Determine z(-6).
4
Let x(i) = 4*i + 54. Give x(0).
54
Let w(s) = s**3 - 8*s**2 - 6*s + 49. Give w(3).
-14
Let c(g) = -6*g**3 + 1. Give c(2).
-47
Let k(l) = 2*l**2 - 9*l + 1. Determine k(6).
19
Let p(t) = -4*t - 9. Calculate p(-6).
15
Let o(x) = -x**2 + 9*x + 6. Give o(8).
14
Let d(p) = -3*p - 28. Calculate d(-10).
2
Let y(b) = -b - 3. Determine y(9).
-12
Let r(q) = 2*q - 7. Give r(7).
7
Let x(h) = -h**3 + 20*h**2 - 18*h + 61. Give x(19).
80
Let w(x) = -2*x + 2. Calculate w(1).
0
Let o(q) = -10*q + 74. What is o(7)?
4
Let s(a) = a + 21. Determine s(3).
24
Let x(u) = u**3 - 15*u**2 + 12*u + 18. Determine x(14).
-10
Let k(b) = 2*b**3 - 8*b**2 + 3*b + 13. Calculate k(3).
4
Let a(j) = -25*j + 88. Calculate a(3).
13
Let r(c) = c**3 + 11*c**2 - 70*c - 789. Give r(-9).
3
Let o(t) = 17*t + 54. Give o(-3).
3
Let s(g) = -31*g - 77. Calculate s(-7).
140
Let b(t) = 2*t**2 + 38*t + 40. Give b(-18).
4
Let b(q) = -q**3 + 7*q**2. What is b(7)?
0
Let h(o) = 4*o**2 + 4*o + 4. What is h(-2)?
12
Let g(y) = 6*y - 2. Give g(-8).
-50
Let g(z) = -z**3 + z**2 + 5*z + 10. Calculate g(-3).
31
Let p(o) = -2*o**3 + 2*o**2 + 2*o. Calculate p(-1).
2
Let s(z) = 3*z - 104. Give s(26).
-26
Let b(l) = l**3 + 18*l**2 + 3*l + 62. Give b(-18).
8
Let w(i) = 4*i - 1. Determine w(-1).
-5
Let p(m) = -m**2 - 7*m + 8. Determine p(-7).
8
Let r(u) = -u**2 + 9*u + 11. Calculate r(10).
1
Let a(p) = -p**2 + 22*p + 42. Give a(0).
42
Let y(c) = c**2 - 16*c + 19. What is y(10)?
-41
Let x(i) = i**3 + 31*i**2 + 86*i + 60. Calculate x(-28).
4
Let y(o) = 13*o - 155. What is y(13)?
14
Let f(k) = 4*k**3 - 4*k**2 - 4*k - 4. Give f(-3).
-136
Let x(s) = s**3 + 9*s**2 - 12*s - 26. Calculate x(-10).
-6
Let m(a) = -a**2 - 11*a - 23. Calculate m(-6).
7
Let w(q) = q**2 - 25*q + 94. Calculate w(20).
-6
Let w(c) = c + 1. Calculate w(1).
2
Let j(r) = -2*r - 94. Determine j(11).
-116
Let n(c) = c**3 - 73*c**2 + 463*c - 59. Give n(66).
7
Let u(h) = -h**3 - 3*h**2 + 6*h - 6. Determine u(-5).
14
Let t(s) = s**3 - 7*s**2 - 12. What is t(7)?
-12
Let v(n) = 10*n - 64. What is v(7)?
6
Let g(h) = -h**3 - 6*h**2 - h + 1. Determine g(-6).
7
Let g(t) = 18*t - 57. Calculate g(6).
51
Let w(s) = -s**2 - 14*s - 28. Give w(-12).
-4
Let n(c) = -4*c + 26. Determine n(8).
-6
Let j(v) = -v + 9. What is j(2)?
7
Let c(j) = j**3 - 12*j**2 + 16*j - 67. Calculate c(11).
-12
Let h(m) = m**3 + 11*m**2 + 36*m + 157. Determine h(-9).
-5
Let b(x) = x**2 - 14*x + 38. Give b(8).
-10
Let z(o) = -5*o + 63. What is z(14)?
-7
Let u(d) = -d**3 + 12*d**2 - 26*d - 40. What is u(9)?
-31
Let m(a) = -12*a. Calculate m(3).
-36
Let p(m) = -70*m + 1. Calculate p(-1).
71
Let o(n) = 2*n**3 + 43*n**2 + 19*n - 35. Calculate o(-21).
7
Let s(k) = -k**3 + 3*k**2 - k. Calculate s(3).
-3
Let h(l) = l**2 + 6*l + 3. Calculate h(5).
58
Let y(d) = -d**2 - 9*d - 30. Determine y(-5).
-10
Let b(p) = -20*p + 78. Calculate b(4).
-2
Let p(a) = a**2 + 37*a + 104. Determine p(-3).
2
Let n(a) = 66*a - 263. Calculate n(4).
1
Let k(x) = -x**3 - 29*x**2 - 118*x + 45. What is k(-24)?
-3
Let z(g) = g**2 - 19*g + 1. Calculate z(20).
21
Let s(x) = 14*x**2 - 2*x + 2. What is s(1)?
14
Let u(q) = -2*q**2 + 18*q - 19. Determine u(8).
-3
Let p(t) = -t**2 + 23*t - 81. Calculate p(20).
-21
Let g(i) = -40*i**2 + i - 1. Calculate g(1).
-40
Let n(y) = -y - 8. Determine n(3).
-11
Let s(k) = -2*k**3 - 8*k**2 + 5. What is s(-4)?
5
Let m(k) = -12*k + 121. What is m(10)?
1
Let n(h) = h**3 + 2*h**2 - h + 19. Give n(0).
19
Let p(u) = -u**3 - 9*u**2 - 7*u + 1. What is p(-8)?
-7
Let x(w) = 14*w**2 - 2*w + 4. What is x(3)?
124
Let q(c) = 14*c + 63. Determine q(-4).
7
Let u(f) = -3*f**2 + 18*f - 8. What is u(6)?
-8
Let k(j) = -11*j + 56. What is k(6)?
-10
Let h(b) = b**3 - 13*b**2 - 14*b - 16. What is h(14)?
-16
Let y(f) = f**3 + 35*f**2 + 30*f - 133. What is y(-34)?
3
Let c(h) = -2*h**3 - 7*h**2 - 10*h - 25. Give c(-3).
-4
Let r(t) = -t**2 - t + 2. Give r(-3).
-4
Let y(r) = -5*r + 64. Give y(13).
-1
Let q(k) = k**2 - 9*k + 4. Determine q(8).
-4
Let q(g) = -18*g + 9. Calculate q(4).
-63
Let v(r) = -8*r - 15. Calculate v(-3).
9
Let h(k) = 2*k**3 - 30*k**2 + k + 10. Determine h(15).
25
Let q(v) = 14*v - 15. Determine q(1).
-1
Let o(g) = g**2 - g + 2. Calculate o(2).
4
Let g(k) = -5*k**2 - 11*k + 3. Calculate g(-3).
-9
Let y(g) = 24*g + 176. Determine y(-7).
8
Let l(d) = d - 2. What is l(-7)?
-9
Let n(c) = c**3 - 8*c**2 + 9*c - 8. Give n(7).
6
Let d(a) = a**3 - 9*a**2 + 7*a + 2. Calculate d(8).
-6
Let h(n) = -2*n**2 + 2*n + 11. Determine h(-6).
-73
Let j(o) = o**2 + 4*o - 1. Give j(-4).
-1
Let y(a) = 2*a + 5. What is y(-7)?
-9
Let q(w) = -w + 2. Determine q(3).
-1
Let m(s) = 2*s**3 - 3*s**2 + 2*s - 3. Calculate m(2).
5
Let o(x) = -197*x - 1185. What is o(-6)?
-3
Let v(w) = -47*w - 183. Determine v(-4).
5
Let l(j) = -j**3 - 46*j**2 - 48*j - 129. Give l(-45).
6
Let v(x) = 4*x + 1. What is v(-4)?
-15
Let n(j) = -2*j**3 + 11*j**2 - 20*j - 2. Calculate n(2).
-14
Let z(p) = -2*p - 67. Give z(-11).
-45
Let j(z) = 12*z - 3. Calculate j(2).
21
Let h(a) = -a**2 + 14*a + 6. What is h(11)?
39
Let g(k) = 7*k**2 + 5*k + 4. Determine g(-2).
22
Let o(s) = -s**2 + 12*s + 24. Calculate o(13).
11
Let m(k) = k**3 - 11*k**2 + 21*k - 20. What is m(9)?
7
Let f(d) = -d**2 + 10*d - 15. Determine f(10).
-15
Let b(y) = 2*y**2 + 16*y - 6. Determine b(-6).
-30
Let g(p) = -4*p + 9. What is g(6)?
-15
Let v(i) = -28*i - 202. Determine v(-7).
-6
Let w(d) = -13*d**2 + d + 2. Give w(-2).
-52
Let m(n) = 2*n + 10. What is m(-8)?
-6
Let i(t) = -19*t - 42. Determine i(-2).
-4
Let c(w) = 25*w + 249. Determine c(-10).
-1
Let s(c) = 11*c + 4. Give s(-2).
-18
Let g(a) = -a**2 - 11*a - 14. What is g(-10)?
-4
Let r(a) = -2*a**3 + 8*a + 7. Give r(-3).
37
Let c(x) = 11*x - 26. Calculate c(10).
84
Let d(q) = 43*q - 2. What is d(0)?
-2
Let k(n) = -2*n**2 + 12*n - 12. Calculate k(5).
-2
Let l(c) = -2*c**3 - 12*c**2 - 2*c - 39. Calculate l(-6).
-27
Let n(c) = c**3 - c**2 - c - 2. Give n(-3).
-35
Let c(i) = -58*i + 456. Determine c(8).
-8
Let w(i) = -2*i**2 - 10*i - 14. Give w(-6).
-26
Let o(g) = g**3 + 7*g**2 - 2*g - 14. What is o(-7)?
0
Let y(c) = -c**2 + 13*c + 14. Calculate y(13).
14
Let w(d) = d**2 + 10*d + 8. Calculate w(-8).
-8
Let s(u) = 2*u + 7. What is s(6)?
19
Let z(o) = -14*o - 372. Determine z(-26).
-8
Let l(a) = 7*a - 42. What is l(11)?
35
Let l(o) = -o**3 + 10*o**2 + 40*o - 8. Determine l(13).
5
Let l(h) = -3*h + 8. Determine l(-6).
26
Let h(k) = -25*k**2 + 3*k + 1. Calculate h(-2).
-105
Let i(v) = -v**3 - 9*v**2 - 7*v + 2. Calculate i(-8).
-6
Let i(u) = u**3 + 19*u**2 + 17*u - 17. Determine i(-18).
1
Let o(y) = y**3 + 10*y**2 - 12*y - 7. Determine o(-11).
4
Let u(y) = 13*y - 36. Calculate u(5).
29
Let a(j) = 2*j**2 + 4*j - 2. Determine a(-5).
28
Let c(y) = y**2 + 16*y + 27. Calculate c(-15).
12
Let z(j) = j - 5. Give z(13).
8
Let b(m) = -2*m**2 + 27*m + 113. Give b(17).
-6
Let m(d) = -6*d**3 - 2*d**2 + 6*d + 6. Determine m(-1).
4
Let z(w) = w**3 + 19*w**2 + 17*w - 21. Give z(-18).
-3
Let g(y) = y**3 + 16*y**2 + 16*y + 6. Determine g(-15).
-9
Let c(r) = 2*r**2 + 16*r - 200. What is c(8)?
56
Let z(o) = o**3 - 7*o**2 - 19*o + 2. Determine z(9).
-7
Let r(c) = -3*c**2 + 57*c - 7. What is r(19)?
-7
Let k(f) = 2*f**2 + 16*f. Calculate k(-8).
0
Let a(k) = -12*k**3 + 2*k**2 + 3*k - 1. What is a(-1)?
10
Let p(u) = -2*u - 51. Determine p(-7).
-37
Let x(d) = -22*d**3 + d**2 - d + 1. What is x(1)?
-21
Let t(p) = 3*p - 64. Determine t(20).
-4
Let i(f) = -f**2 - f + 5. Give i(5).
-25
Let r(h) = -21*h**2 - 231*h + 1. Calculate r(-11).
1
Let v(m) = 3*m - 11. Determine v(0).
-11
Let g(t) = -t**2 - 14*t - 27. What is g(-13)?
-14
Let b(g) = -6*g - 8. Give b(-3).
10
Let c(a) = 3*a**3 + 13*a**2 - 7*a + 12. What is c(-5)?
-3
Let b(n) = 3*n - 2. What is b(0)?
-2
Let t(s) = -7*s - 9. Calculate t(-6).
33
Let o(p) = p**2 - 9*p - 12. Calculate o(9).
-12
Let a(z) = -z**3 - 10*z**2 - 11*z - 22. Determine a(-9).
-4
Let t(s) = -s**2 - 17*s - 48. Calculate t(-10).
22
Let n(d) = 5*d + 2. Give n(-2).
-8
Let w(j) = j - 7. Determine w(7).
0
Let d(p) = -13*p + 449. What is d(35)?
-6
Let j(i) = 3*i**2 + i. Determine j(-3).
24
Let j(p) = p**3 + 25*p**2 + 25*p + 17. Calculate j(-24).
-7
Let t(c) = -c - 46. Give t(-19).
-27
Let k(a) = a**3 - 8*a**2 + 4